alculate the remainder when 134 is divided by c(-4).
2
Suppose 18*j - 6058 + 406 = 0. What is the remainder when j is divided by 63?
62
Suppose 0 = 4*b - 8 - 0. Suppose -4 = -b*t + 22. Suppose s = 9 + 13. Calculate the remainder when s is divided by t.
9
Let a(v) = -v + 4*v + 5*v + 3*v**2 + 10. Calculate the remainder when a(-5) is divided by 12.
9
Suppose a + 39*a - 1520 = 0. What is the remainder when 206 is divided by a?
16
Suppose 0 = -2*r + 31 + 9. Suppose -43*v + 40*v - 315 = -4*a, 314 = 4*a - 2*v. What is the remainder when a is divided by r?
18
Suppose -5*n = -46 - 74. Let z = 302 + -209. What is the remainder when z is divided by n?
21
Let u be (36/(-8))/(4/(-8)). Let j = -8 + u. Suppose -11 = -2*b - j. Calculate the remainder when b is divided by 4.
1
Let c(y) = -y**3 + 14*y**2 + 12*y + 17. Let b be c(15). Let n(d) = 11*d + 2. Let o be n(3). Let t = b + o. What is the remainder when 26 is divided by t?
5
Suppose -2*n - 16 = -42. Let d(t) = -t**3 + 5*t**2 + 7*t - 11. Let r be (10/6)/(6/18). Calculate the remainder when d(r) is divided by n.
11
Suppose -o + 3*o - 34 = 0. Let l be (-3 - -1)/(12/18). What is the remainder when 32/3*(6 + l) is divided by o?
15
Let z(d) = d + 7. Let o be (96/(-6))/((-6)/(-21)). Let q = -24 - o. Calculate the remainder when q is divided by z(0).
4
Let a(m) be the third derivative of -5*m**4/24 - m**3/6 - m**2. What is the remainder when a(-3) is divided by 177/(-472) - (-134)/16?
6
What is the remainder when 10 is divided by (4/22 - 39/33) + 5?
2
Calculate the remainder when 597 is divided by (-13 + (4 - 0))/((-12)/16).
9
Suppose 10*w = 7*w. Suppose -4*m + 2*i - i + 41 = 0, 3*m + i - 29 = w. Let d(v) = 2*v**2 - 6*v - 14. Calculate the remainder when d(m) is divided by 32.
30
Let j(r) = r**3 - 8*r**2 + 3*r + 6. Let i be (-33)/44 - (-70)/8. What is the remainder when j(i) is divided by 11?
8
Let t(o) = 3*o**3 - 2*o**2 - 41*o + 133. Let u = -35 - -72. Calculate the remainder when t(3) is divided by u.
36
Let k(p) = -2*p**2 + 14*p - 1. Let u be k(5). Let g = 2 + 4. Let i = g + u. Calculate the remainder when i is divided by 7.
4
Suppose -16 = -5*l + 4, -249 = -d - l. Suppose -2*z - 87 + d = 0. Suppose j + 46 = 2*m - j, -4*m - j + 112 = 0. Calculate the remainder when z is divided by m.
25
Suppose -550*b + 555*b + 10 = 0, 4*o - 260 = 4*b. Suppose 0 = y - 0*y + x - 25, x - 3 = 0. What is the remainder when o is divided by y?
19
Suppose -q + 4*q - 5*w = 23, w + 53 = 5*q. Let m = 1516 - 1507. Calculate the remainder when q is divided by m.
2
Let p = 25 - -12. What is the remainder when (0 - 26)*((-169)/(-26) - 12) is divided by p?
32
Suppose 170*l - 307 = 883. Let t(g) = -g**3 - 2*g**2 - 2*g - 4. What is the remainder when t(-3) is divided by l?
4
Let a(u) = -244*u**3 - 2*u**2 - 4*u - 3. Let z be a(-1). Suppose -h - 3*m = -z, 4*m = -h + 111 + 132. What is the remainder when h is divided by 35?
33
Let a(q) = q**2 + 79*q - 483. What is the remainder when a(6) is divided by (5 - 10)*(-4 - -1)?
12
Suppose -50 = -5*n + f, 0 = -3*n + 4*f + 8 + 22. Calculate the remainder when 50 is divided by n.
0
Let a = -57 + 118. Suppose r = x + 2*x + 28, 0 = r - 4*x - 32. Calculate the remainder when a is divided by r.
13
Let d = -15087 + 15090. Let g be (-15)/(-12)*(3 - -1). Let j = g + 1. What is the remainder when j is divided by d?
0
Let w = 375 - 310. Calculate the remainder when 99 is divided by w.
34
Let y(u) = 1121*u**2 + 4*u - 4. What is the remainder when y(1) is divided by 102?
101
Let m = -11 - -15. Suppose 4*o + m = -4. Let i = 13 + o. What is the remainder when i is divided by 6?
5
Let r = 19 + -6. Suppose 0 = 5*k - 12 - r. Suppose 0*j - 19 = -k*j + 4*i, 3*j - 2*i - 11 = 0. Calculate the remainder when 3 is divided by j.
0
Suppose 59 - 209 = 5*x. Suppose -20*t + 1023 = 63. What is the remainder when t is divided by (12/9)/((-4)/x)?
8
Let o = -29 - -29. Let w be (0 + o)/(-1)*1. Suppose 2*a - 7 - 7 = w. What is the remainder when 34 is divided by a?
6
Let f be (3652/(-110))/(4/(-10)). Let n = f + -57. What is the remainder when 77 is divided by n?
25
Let t(g) = -g + 14. Let s be t(7). Suppose 68 = j + s. What is the remainder when j is divided by 21?
19
Suppose 4*c = 2*c + 6. Suppose -8*h + 13*h = 10. Suppose -56 = -c*i - h. Calculate the remainder when 33 is divided by i.
15
Let y = 20082 - 20010. Suppose -3*a + o + 43 = -0*o, o - 2 = 0. Calculate the remainder when y is divided by a.
12
Let g(s) = 2 + 2*s + 3 + 2*s**2 - 10 - 10. What is the remainder when 28 is divided by g(-4)?
1
Let q be 77*3 - (2 - 6). Let f = q - 110. Calculate the remainder when f is divided by 32.
29
Let d = -268 + 346. Calculate the remainder when d is divided by 20.
18
Let q(b) = -b + 17. Let g be (-2 - (-32)/20) + (-17)/(-5). Calculate the remainder when q(g) is divided by 7.
0
Let y be (8/10)/2 - (-258)/5. Suppose 3*w + 57 = 3*h, 4*h + 3*w = y + 3. What is the remainder when 91 is divided by h?
11
Suppose -5*g = -3*g + 296. Let j = g - -233. Calculate the remainder when j is divided by 22.
19
Let j(a) = -a**2 + 23*a + 67. Calculate the remainder when j(19) is divided by 6.
5
Suppose -4*y = -3*m - 39, 3*y + 10*m + 7 = 5*m. Let n = y - -14. Suppose 2*o - 7*o + 390 = 0. Calculate the remainder when o is divided by n.
18
Calculate the remainder when 346 is divided by 385/33*(-210)/(-49).
46
Let p = -26 - -28. Let x(g) = 4*g - 5. Let q be x(p). Suppose -t + 98 = 5*l, -2*l - 4*t + 53 = q. What is the remainder when 73 is divided by l?
16
Let z be (36/10)/((-15)/50). Let n = 39 + z. Suppose 65*i = 13*i + 520. Calculate the remainder when n is divided by i.
7
Suppose -237 = -3*r + 3*u, -u = 4*r - 0*r - 311. Suppose 21*b = 27*b - r. Calculate the remainder when 43 is divided by b.
4
Suppose -37*w = -0*w - 1036. What is the remainder when 614 is divided by w?
26
Calculate the remainder when 369 is divided by (-1)/(-3) - (650/(-30) + 10).
9
Suppose 4*p - 2*q - 446 = -0*q, -4*p + 4*q = -436. Let b be ((-145)/15)/((-1)/9). Suppose -5*r + b = -2*r. What is the remainder when p is divided by r?
27
Let y(l) = -2*l - 3. Let r(j) = 5*j + 10. Let b(g) = 3*r(g) + 8*y(g). Calculate the remainder when 39 is divided by b(-4).
9
Let z = -10 + 24. Calculate the remainder when z is divided by 3/(-8) - (-1474)/176.
6
Suppose -5 = 3*l - 47. Let b = -81 + -3. Let n = b - -138. Calculate the remainder when n is divided by l.
12
Suppose -k - 2*i = -0 - 1, 13 = -k + 5*i. Let z be k + (3 - 3) - -47. Suppose -z + 6 = -2*w. Calculate the remainder when 56 is divided by w.
18
Suppose 3*u - 23 = 22. Suppose 3*t = u + 174. What is the remainder when t is divided by 8?
7
Suppose -48*u + 333 = -44*u - 5*k, -3*u + 3*k = -249. Calculate the remainder when 393 is divided by u.
65
Let y(j) = 53*j + 394. Calculate the remainder when y(-6) is divided by 17.
8
Suppose 8*o = 2*m + 7*o - 167, 2*m = 5*o + 179. Let n be -3*2*8/(-6). Suppose 4*j = 2*k + m, 11 = j + k - n. Calculate the remainder when 77 is divided by j.
17
Let f = -6 + 5. Let z be ((2 - 1) + -4)*f. Suppose z*j + 4*k = 200, -k - 4*k = 4*j - 268. What is the remainder when j is divided by 15?
12
Let y(a) = 7*a**2 + 5*a + 1. Let x be y(-2). Let d = x - -24. What is the remainder when d is divided by 11?
10
Suppose 4*d = 3*y + d - 786, 1303 = 5*y + 2*d. What is the remainder when y is divided by 67?
60
Let s = -52 - -63. Suppose -56 = 7*y - s*y. What is the remainder when 96 is divided by y?
12
Let s = 294 + -188. What is the remainder when s is divided by 12?
10
Suppose 12*h + 30 = -6. Let y(m) = -m**3 + 2*m**2 + 5*m + 2. What is the remainder when 127 is divided by y(h)?
31
Suppose -4*a + 18 = 10. Let y(f) = -f**3 + 8*f**2 - 6*f + 2. What is the remainder when (-35)/a*(-72)/21 is divided by y(7)?
6
Suppose 3*t - 21 = -9. Let m(i) = i**2 + 6*i + 9. Let o(h) = h**2 + 5*h + 9. Let y(b) = -3*m(b) + 4*o(b). Calculate the remainder when y(t) is divided by 18.
15
Let j = -42 - -41. Let o = -29 + 40. Calculate the remainder when 20 - 0/(-3)*j is divided by o.
9
Let h(w) = -3*w + 4*w - 3 + 5*w. Suppose -3*n = -0*p - 4*p - 7, 0 = 2*p + n - 9. What is the remainder when 42 is divided by h(p)?
6
Calculate the remainder when 32*((0 - -5) + (-21)/6) is divided by 10.
8
Suppose 0 = k - g - 192 + 45, 3*k - 4*g - 438 = 0. What is the remaind